{"id":45,"date":"2021-10-19T07:36:28","date_gmt":"2021-10-19T07:36:28","guid":{"rendered":"https:\/\/kits.themecy.com\/memberships-3\/?page_id=45"},"modified":"2025-09-26T12:37:31","modified_gmt":"2025-09-26T12:37:31","slug":"agenda","status":"publish","type":"page","link":"https:\/\/beach-chillers.fr\/wordpress\/?page_id=45","title":{"rendered":"Agenda"},"content":{"rendered":"<style>.kb-row-layout-id45_e71c36-05 > .kt-row-column-wrap{align-content:start;}:where(.kb-row-layout-id45_e71c36-05 > .kt-row-column-wrap) > .wp-block-kadence-column{justify-content:start;}.kb-row-layout-id45_e71c36-05 > .kt-row-column-wrap{column-gap:var(--global-kb-gap-md, 2rem);row-gap:var(--global-kb-gap-md, 2rem);max-width:var( --global-content-width, 1290px );padding-left:var(--global-content-edge-padding);padding-right:var(--global-content-edge-padding);padding-top:var(--global-kb-spacing-sm, 1.5rem);padding-bottom:var(--global-kb-spacing-sm, 1.5rem);grid-template-columns:minmax(0, 1fr);}.kb-row-layout-id45_e71c36-05 > .kt-row-layout-overlay{opacity:0.30;}@media all and (max-width: 1024px){.kb-row-layout-id45_e71c36-05 > .kt-row-column-wrap{grid-template-columns:minmax(0, 1fr);}}@media all and (max-width: 767px){.kb-row-layout-id45_e71c36-05 > .kt-row-column-wrap{grid-template-columns:minmax(0, 1fr);}}<\/style><div class=\"kb-row-layout-wrap kb-row-layout-id45_e71c36-05 alignnone wp-block-kadence-rowlayout\"><div class=\"kt-row-column-wrap kt-has-2-columns kt-row-layout-row kt-tab-layout-inherit kt-mobile-layout-row kt-row-valign-top kb-theme-content-width\">\n<style>.kadence-column45_f0782c-19 > .kt-inside-inner-col{display:flex;}.kadence-column45_f0782c-19 > .kt-inside-inner-col,.kadence-column45_f0782c-19 > .kt-inside-inner-col:before{border-top-left-radius:0px;border-top-right-radius:0px;border-bottom-right-radius:0px;border-bottom-left-radius:0px;}.kadence-column45_f0782c-19 > .kt-inside-inner-col{column-gap:var(--global-kb-gap-sm, 1rem);}.kadence-column45_f0782c-19 > .kt-inside-inner-col{flex-direction:column;align-items:center;}.kadence-column45_f0782c-19 > .kt-inside-inner-col > .kb-image-is-ratio-size{align-self:stretch;}.kadence-column45_f0782c-19 > .kt-inside-inner-col > .wp-block-kadence-advancedgallery{align-self:stretch;}.kadence-column45_f0782c-19 > .kt-inside-inner-col > .aligncenter{width:100%;}.kadence-column45_f0782c-19 > .kt-inside-inner-col:before{opacity:0.3;}.kadence-column45_f0782c-19{position:relative;}@media all and (max-width: 1024px){.kadence-column45_f0782c-19 > .kt-inside-inner-col{flex-direction:column;justify-content:center;align-items:center;}}@media all and (max-width: 767px){.kadence-column45_f0782c-19 > .kt-inside-inner-col{flex-direction:column;justify-content:center;align-items:center;}}<\/style>\n<div class=\"wp-block-kadence-column kadence-column45_f0782c-19\"><div class=\"kt-inside-inner-col\"><style>.wp-block-kadence-advancedheading.kt-adv-heading45_8c777b-11, .wp-block-kadence-advancedheading.kt-adv-heading45_8c777b-11[data-kb-block=\"kb-adv-heading45_8c777b-11\"]{font-style:normal;}.wp-block-kadence-advancedheading.kt-adv-heading45_8c777b-11 mark.kt-highlight, .wp-block-kadence-advancedheading.kt-adv-heading45_8c777b-11[data-kb-block=\"kb-adv-heading45_8c777b-11\"] mark.kt-highlight{font-style:normal;color:#f76a0c;-webkit-box-decoration-break:clone;box-decoration-break:clone;padding-top:0px;padding-right:0px;padding-bottom:0px;padding-left:0px;}.wp-block-kadence-advancedheading.kt-adv-heading45_8c777b-11 img.kb-inline-image, .wp-block-kadence-advancedheading.kt-adv-heading45_8c777b-11[data-kb-block=\"kb-adv-heading45_8c777b-11\"] img.kb-inline-image{width:150px;vertical-align:baseline;}<\/style>\n<h2 class=\"kt-adv-heading45_8c777b-11 wp-block-kadence-advancedheading\" data-kb-block=\"kb-adv-heading45_8c777b-11\">L&rsquo;agenda des Chillers<\/h2>\n<\/div><\/div>\n\n\n<style>.kadence-column45_a748fd-7f > .kt-inside-inner-col,.kadence-column45_a748fd-7f > .kt-inside-inner-col:before{border-top-left-radius:0px;border-top-right-radius:0px;border-bottom-right-radius:0px;border-bottom-left-radius:0px;}.kadence-column45_a748fd-7f > .kt-inside-inner-col{column-gap:var(--global-kb-gap-sm, 1rem);}.kadence-column45_a748fd-7f > .kt-inside-inner-col{flex-direction:column;}.kadence-column45_a748fd-7f > .kt-inside-inner-col > .aligncenter{width:100%;}.kadence-column45_a748fd-7f > .kt-inside-inner-col:before{opacity:0.3;}.kadence-column45_a748fd-7f{position:relative;}@media all and (max-width: 1024px){.kadence-column45_a748fd-7f > .kt-inside-inner-col{flex-direction:column;justify-content:center;}}@media all and (max-width: 767px){.kadence-column45_a748fd-7f > .kt-inside-inner-col{flex-direction:column;justify-content:center;}}<\/style>\n<div class=\"wp-block-kadence-column kadence-column45_a748fd-7f\"><div class=\"kt-inside-inner-col\"><style>.kb-table-container45_85158f-03{overflow-x:auto;}.kb-table45_85158f-03 td:nth-of-type(1), .kb-table45_85158f-03 th:nth-of-type(1){width:20%;}.kb-table45_85158f-03 td:nth-of-type(2), .kb-table45_85158f-03 th:nth-of-type(2){width:40%;}.kb-table45_85158f-03{table-layout:fixed;width:100%;}.kb-table-container .kb-table45_85158f-03 th{color:var(--global-palette9, #ffffff);padding-top:var(--global-kb-spacing-xxs, 0.5rem);padding-right:var(--global-kb-spacing-xxs, 0.5rem);padding-bottom:var(--global-kb-spacing-xxs, 0.5rem);padding-left:var(--global-kb-spacing-xxs, 0.5rem);text-align:center;}.kb-table-container .kb-table45_85158f-03 caption{text-align:center;}.kb-table-container .kb-table45_85158f-03 td{padding-top:var(--global-kb-spacing-xxs, 0.5rem);padding-right:var(--global-kb-spacing-xxs, 0.5rem);padding-bottom:var(--global-kb-spacing-xxs, 0.5rem);padding-left:var(--global-kb-spacing-xxs, 0.5rem);text-align:left;}.kb-table-container .kb-table45_85158f-03 tr:nth-of-type(even){background-color:var(--global-palette7, #EDF2F7);}.kb-table-container .kb-table45_85158f-03 tr:nth-of-type(odd){background-color:var(--global-palette8, #F7FAFC);}@media all and (max-width: 767px){.kb-table-container45_85158f-03{font-size:var(--global-kb-font-size-sm, 0.9rem);}.kb-table45_85158f-03 td:nth-of-type(1), .kb-table45_85158f-03 th:nth-of-type(1){width:26%;}.kb-table45_85158f-03 td:nth-of-type(2), .kb-table45_85158f-03 th:nth-of-type(2){width:30%;}}<\/style><div class=\"kb-table-container kb-table-container45_85158f-03 wp-block-kadence-table\"><table class=\"kb-table kb-table45_85158f-03\">\n<style>.kb-table-container .kb-table tr.kb-table-row45_f9d28a-49{background-color:var(--global-palette1, #3182CE);}<\/style><tr class=\"kb-table-row kb-table-row45_f9d28a-49\">\n<th class=\"kb-table-data kb-table-data45_7d40ef-d5\">\n\n<p>Date<\/p>\n\n<\/th>\n\n<th class=\"kb-table-data kb-table-data45_8cf297-40\">\n\n<p><strong>\u00c9v\u00e9nement<\/strong><\/p>\n\n<\/th>\n\n<th class=\"kb-table-data kb-table-data45_d46a04-b3\">\n\n<p>Lieu<\/p>\n\n<\/th>\n\n<th class=\"kb-table-data kb-table-data45_bde976-62\">\n\n<p>R\u00e9sultats<\/p>\n\n<\/th>\n<\/tr>\n\n<tr class=\"kb-table-row kb-table-row45_3d014d-63\">\n<td class=\"kb-table-data kb-table-data45_940f02-f8\">\n\n<p class=\"has-text-align-center\">28\/09\/25<\/p>\n\n<\/td>\n\n<td class=\"kb-table-data kb-table-data45_391933-a9\">\n\n<p>Tournoi S3 100 H\/F<\/p>\n\n<\/td>\n\n<td class=\"kb-table-data kb-table-data45_a414a2-7e\">\n\n<p class=\"has-text-align-center\">Gradignan<\/p>\n\n<\/td>\n\n<td class=\"kb-table-data kb-table-data45_02e15a-b0\">\n\n<div class=\"wp-block-buttons is-content-justification-center is-layout-flex wp-container-core-buttons-is-layout-16018d1d wp-block-buttons-is-layout-flex\">\n<div class=\"wp-block-button is-style-fill\"><a class=\"wp-block-button__link has-small-font-size has-custom-font-size wp-element-button\" href=\"https:\/\/www.helloasso.com\/associations\/bordeaux-beach-chillers\/evenements\/serie-3-100-double-genre-28-septembre\" style=\"border-radius:4px;padding-top:var(--wp--preset--spacing--20);padding-right:var(--wp--preset--spacing--30);padding-bottom:var(--wp--preset--spacing--20);padding-left:var(--wp--preset--spacing--30)\">INSCRIPTION<\/a><\/div>\n<\/div>\n\n<\/td>\n<\/tr>\n\n<tr class=\"kb-table-row kb-table-row45_4e58ad-cc\">\n<td class=\"kb-table-data kb-table-data45_17229b-1a\">\n\n<p class=\"has-text-align-center\">04\/10\/25<\/p>\n\n<\/td>\n\n<td class=\"kb-table-data kb-table-data45_37fb46-ec\">\n\n<p>Journ\u00e9e de coh\u00e9sion du club<\/p>\n\n<\/td>\n\n<td class=\"kb-table-data kb-table-data45_eaee50-8c\">\n\n<p class=\"has-text-align-center\">M\u00e9rignac<\/p>\n\n<\/td>\n\n<td class=\"kb-table-data kb-table-data45_cf8877-f7\">\n\n<p class=\"has-text-align-center\"><\/p>\n\n<\/td>\n<\/tr>\n\n<tr class=\"kb-table-row kb-table-row45_fd9e87-ee\">\n<td class=\"kb-table-data kb-table-data45_08a1e0-09\">\n\n<p class=\"has-text-align-center\">19\/10\/25<\/p>\n\n<\/td>\n\n<td class=\"kb-table-data kb-table-data45_d2f80f-3d\">\n\n<p>Tournoi S2 250 H\/F<\/p>\n\n<\/td>\n\n<td class=\"kb-table-data kb-table-data45_404e49-64\">\n\n<p class=\"has-text-align-center\">Gradignan<\/p>\n\n<\/td>\n\n<td class=\"kb-table-data kb-table-data45_872aec-9d\">\n\n<p><\/p>\n\n<\/td>\n<\/tr>\n\n<tr class=\"kb-table-row kb-table-row45_5108cd-88\">\n<td class=\"kb-table-data kb-table-data45_c22476-f5\">\n\n<p class=\"has-text-align-center\">26\/10\/25<\/p>\n\n<\/td>\n\n<td class=\"kb-table-data kb-table-data45_4ce44c-aa\">\n\n<p>Tournoi Open d&rsquo;Halloween \ud83c\udf83<\/p>\n\n<\/td>\n\n<td class=\"kb-table-data kb-table-data45_1980d2-6e\">\n\n<p class=\"has-text-align-center\">Bordeaux<\/p>\n\n<\/td>\n\n<td class=\"kb-table-data kb-table-data45_f968d2-41\">\n\n<p><\/p>\n\n<\/td>\n<\/tr>\n\n<tr class=\"kb-table-row kb-table-row45_2c4136-c6\">\n<td class=\"kb-table-data kb-table-data45_7295d8-14\">\n\n<p class=\"has-text-align-center\">16\/11\/25<\/p>\n\n<\/td>\n\n<td class=\"kb-table-data kb-table-data45_d0bcca-2d\">\n\n<p>Tournoi S3 100 Mixte<\/p>\n\n<\/td>\n\n<td class=\"kb-table-data kb-table-data45_098416-dc\">\n\n<p class=\"has-text-align-center\">Gradignan<\/p>\n\n<\/td>\n\n<td class=\"kb-table-data kb-table-data45_838a1b-1e\">\n\n<p><\/p>\n\n<\/td>\n<\/tr>\n\n<tr class=\"kb-table-row kb-table-row45_e2a88e-21\">\n<td class=\"kb-table-data kb-table-data45_c8d08a-97\">\n\n<p class=\"has-text-align-center\">07\/12\/25<\/p>\n\n<\/td>\n\n<td class=\"kb-table-data kb-table-data45_d2425d-19\">\n\n<p>Tournoi S3 150 H\/F<\/p>\n\n<\/td>\n\n<td class=\"kb-table-data kb-table-data45_f5a683-d4\">\n\n<p class=\"has-text-align-center\">Gradignan<\/p>\n\n<\/td>\n\n<td class=\"kb-table-data kb-table-data45_807ce9-f2\">\n\n<p><\/p>\n\n<\/td>\n<\/tr>\n\n<tr class=\"kb-table-row kb-table-row45_860f1e-76\">\n<td class=\"kb-table-data kb-table-data45_58d891-ab\">\n\n<p class=\"has-text-align-center\">14\/12\/25<\/p>\n\n<\/td>\n\n<td class=\"kb-table-data kb-table-data45_9c5c67-e9\">\n\n<p>Tournoi Open de No\u00ebl \ud83c\udf84<\/p>\n\n<\/td>\n\n<td class=\"kb-table-data kb-table-data45_54003f-46\">\n\n<p class=\"has-text-align-center\">Bordeaux<\/p>\n\n<\/td>\n\n<td class=\"kb-table-data kb-table-data45_e1f28d-f4\">\n\n<p><\/p>\n\n<\/td>\n<\/tr>\n<\/table><\/div><\/div><\/div>\n\n<\/div><\/div>\n\n<style>.kb-row-layout-id45_4f55a0-db > .kt-row-column-wrap{align-content:start;}:where(.kb-row-layout-id45_4f55a0-db > .kt-row-column-wrap) > .wp-block-kadence-column{justify-content:start;}.kb-row-layout-id45_4f55a0-db > .kt-row-column-wrap{column-gap:var(--global-kb-gap-md, 2rem);row-gap:var(--global-kb-gap-md, 2rem);max-width:var( --global-content-width, 1290px );padding-left:var(--global-content-edge-padding);padding-right:var(--global-content-edge-padding);padding-top:var(--global-kb-spacing-sm, 1.5rem);padding-bottom:var(--global-kb-spacing-sm, 1.5rem);grid-template-columns:minmax(0, 1fr);}.kb-row-layout-id45_4f55a0-db > .kt-row-layout-overlay{opacity:0.30;}@media all and (max-width: 1024px){.kb-row-layout-id45_4f55a0-db > .kt-row-column-wrap{grid-template-columns:minmax(0, 1fr);}}@media all and (max-width: 767px){.kb-row-layout-id45_4f55a0-db > .kt-row-column-wrap{grid-template-columns:minmax(0, 1fr);}}<\/style><div class=\"kb-row-layout-wrap kb-row-layout-id45_4f55a0-db alignnone wp-block-kadence-rowlayout\"><div class=\"kt-row-column-wrap kt-has-2-columns kt-row-layout-row kt-tab-layout-inherit kt-mobile-layout-row kt-row-valign-top kb-theme-content-width\">\n<style>.kadence-column45_08cbb9-0e > .kt-inside-inner-col{display:flex;}.kadence-column45_08cbb9-0e > .kt-inside-inner-col,.kadence-column45_08cbb9-0e > .kt-inside-inner-col:before{border-top-left-radius:0px;border-top-right-radius:0px;border-bottom-right-radius:0px;border-bottom-left-radius:0px;}.kadence-column45_08cbb9-0e > .kt-inside-inner-col{column-gap:var(--global-kb-gap-sm, 1rem);}.kadence-column45_08cbb9-0e > .kt-inside-inner-col{flex-direction:column;align-items:center;}.kadence-column45_08cbb9-0e > .kt-inside-inner-col > .kb-image-is-ratio-size{align-self:stretch;}.kadence-column45_08cbb9-0e > .kt-inside-inner-col > .wp-block-kadence-advancedgallery{align-self:stretch;}.kadence-column45_08cbb9-0e > .kt-inside-inner-col > .aligncenter{width:100%;}.kadence-column45_08cbb9-0e > .kt-inside-inner-col:before{opacity:0.3;}.kadence-column45_08cbb9-0e{position:relative;}@media all and (max-width: 1024px){.kadence-column45_08cbb9-0e > .kt-inside-inner-col{flex-direction:column;justify-content:center;align-items:center;}}@media all and (max-width: 767px){.kadence-column45_08cbb9-0e > .kt-inside-inner-col{flex-direction:column;justify-content:center;align-items:center;}}<\/style>\n<div class=\"wp-block-kadence-column kadence-column45_08cbb9-0e\"><div class=\"kt-inside-inner-col\"><style>.wp-block-kadence-advancedheading.kt-adv-heading45_135b8f-af, .wp-block-kadence-advancedheading.kt-adv-heading45_135b8f-af[data-kb-block=\"kb-adv-heading45_135b8f-af\"]{font-style:normal;}.wp-block-kadence-advancedheading.kt-adv-heading45_135b8f-af mark.kt-highlight, .wp-block-kadence-advancedheading.kt-adv-heading45_135b8f-af[data-kb-block=\"kb-adv-heading45_135b8f-af\"] mark.kt-highlight{font-style:normal;color:#f76a0c;-webkit-box-decoration-break:clone;box-decoration-break:clone;padding-top:0px;padding-right:0px;padding-bottom:0px;padding-left:0px;}.wp-block-kadence-advancedheading.kt-adv-heading45_135b8f-af img.kb-inline-image, .wp-block-kadence-advancedheading.kt-adv-heading45_135b8f-af[data-kb-block=\"kb-adv-heading45_135b8f-af\"] img.kb-inline-image{width:150px;vertical-align:baseline;}<\/style>\n<h2 class=\"kt-adv-heading45_135b8f-af wp-block-kadence-advancedheading\" data-kb-block=\"kb-adv-heading45_135b8f-af\">Tournois internes et externes<\/h2>\n<\/div><\/div>\n\n\n<style>.kadence-column45_c9dcd1-84 > .kt-inside-inner-col{display:flex;}.kadence-column45_c9dcd1-84 > .kt-inside-inner-col,.kadence-column45_c9dcd1-84 > .kt-inside-inner-col:before{border-top-left-radius:0px;border-top-right-radius:0px;border-bottom-right-radius:0px;border-bottom-left-radius:0px;}.kadence-column45_c9dcd1-84 > .kt-inside-inner-col{column-gap:var(--global-kb-gap-sm, 1rem);}.kadence-column45_c9dcd1-84 > .kt-inside-inner-col{flex-direction:column;align-items:center;}.kadence-column45_c9dcd1-84 > .kt-inside-inner-col > .kb-image-is-ratio-size{align-self:stretch;}.kadence-column45_c9dcd1-84 > .kt-inside-inner-col > .wp-block-kadence-advancedgallery{align-self:stretch;}.kadence-column45_c9dcd1-84 > .kt-inside-inner-col > .aligncenter{width:100%;}.kadence-column45_c9dcd1-84 > .kt-inside-inner-col:before{opacity:0.3;}.kadence-column45_c9dcd1-84{position:relative;}@media all and (max-width: 1024px){.kadence-column45_c9dcd1-84 > .kt-inside-inner-col{flex-direction:column;justify-content:center;align-items:center;}}@media all and (max-width: 767px){.kadence-column45_c9dcd1-84 > .kt-inside-inner-col{flex-direction:column;justify-content:center;align-items:center;}}<\/style>\n<div class=\"wp-block-kadence-column kadence-column45_c9dcd1-84\"><div class=\"kt-inside-inner-col\"><style>.wp-block-kadence-advancedheading.kt-adv-heading45_a2f943-ef, .wp-block-kadence-advancedheading.kt-adv-heading45_a2f943-ef[data-kb-block=\"kb-adv-heading45_a2f943-ef\"]{text-align:left;font-style:normal;}.wp-block-kadence-advancedheading.kt-adv-heading45_a2f943-ef mark.kt-highlight, .wp-block-kadence-advancedheading.kt-adv-heading45_a2f943-ef[data-kb-block=\"kb-adv-heading45_a2f943-ef\"] mark.kt-highlight{font-style:normal;color:#f76a0c;-webkit-box-decoration-break:clone;box-decoration-break:clone;padding-top:0px;padding-right:0px;padding-bottom:0px;padding-left:0px;}.wp-block-kadence-advancedheading.kt-adv-heading45_a2f943-ef img.kb-inline-image, .wp-block-kadence-advancedheading.kt-adv-heading45_a2f943-ef[data-kb-block=\"kb-adv-heading45_a2f943-ef\"] img.kb-inline-image{width:150px;vertical-align:baseline;}<\/style>\n<p class=\"kt-adv-heading45_a2f943-ef wp-block-kadence-advancedheading\" data-kb-block=\"kb-adv-heading45_a2f943-ef\"><em>Vous pouvez vous abonner \u00e0 notre agenda partag\u00e9 Google, qui inclut les \u00e9v\u00e8nements du club list\u00e9s ci-dessus, mais \u00e9galement des tournois et \u00e9v\u00e8nements externes. Cela vous permettra de suivre les \u00e9v\u00e8nements li\u00e9s au beach volley dans les environs de Bordeaux. Pour ajouter notre agenda partag\u00e9 \u00e0 votre agenda Google, cliquez simplement sur \u00ab\u00a0Ajouter \u00e0 Google Agenda\u00a0\u00bb ci-dessous.<\/em><\/p>\n\n\n\n<iframe loading=\"lazy\" src=\"https:\/\/calendar.google.com\/calendar\/embed?src=c55b6c13e55746552cb79a8e987f261face0e79c265cb4f19b3ac1b41c1bbfa4%40group.calendar.google.com&#038;ctz=Europe%2FParis\" style=\"border: 0\" width=\"800\" height=\"600\" frameborder=\"0\" scrolling=\"no\"><\/iframe>\n<\/div><\/div>\n\n<\/div><\/div>","protected":false},"excerpt":{"rendered":"<p>L&rsquo;agenda des Chillers Tournois internes et externes Vous pouvez vous abonner \u00e0 notre agenda partag\u00e9 Google, qui inclut les \u00e9v\u00e8nements du club list\u00e9s ci-dessus, mais \u00e9galement des tournois et \u00e9v\u00e8nements externes. Cela vous permettra de suivre les \u00e9v\u00e8nements li\u00e9s au beach volley dans les environs de Bordeaux. Pour ajouter notre agenda partag\u00e9 \u00e0 votre agenda&#8230;<\/p>\n","protected":false},"author":1,"featured_media":0,"parent":0,"menu_order":0,"comment_status":"closed","ping_status":"closed","template":"","meta":{"_kadence_starter_templates_imported_post":true,"_kad_post_transparent":"","_kad_post_title":"hide","_kad_post_layout":"fullwidth","_kad_post_sidebar_id":"","_kad_post_content_style":"unboxed","_kad_post_vertical_padding":"hide","_kad_post_feature":"hide","_kad_post_feature_position":"","_kad_post_header":false,"_kad_post_footer":false,"footnotes":""},"class_list":["post-45","page","type-page","status-publish","hentry"],"_links":{"self":[{"href":"https:\/\/beach-chillers.fr\/wordpress\/index.php?rest_route=\/wp\/v2\/pages\/45","targetHints":{"allow":["GET"]}}],"collection":[{"href":"https:\/\/beach-chillers.fr\/wordpress\/index.php?rest_route=\/wp\/v2\/pages"}],"about":[{"href":"https:\/\/beach-chillers.fr\/wordpress\/index.php?rest_route=\/wp\/v2\/types\/page"}],"author":[{"embeddable":true,"href":"https:\/\/beach-chillers.fr\/wordpress\/index.php?rest_route=\/wp\/v2\/users\/1"}],"replies":[{"embeddable":true,"href":"https:\/\/beach-chillers.fr\/wordpress\/index.php?rest_route=%2Fwp%2Fv2%2Fcomments&post=45"}],"version-history":[{"count":98,"href":"https:\/\/beach-chillers.fr\/wordpress\/index.php?rest_route=\/wp\/v2\/pages\/45\/revisions"}],"predecessor-version":[{"id":1460,"href":"https:\/\/beach-chillers.fr\/wordpress\/index.php?rest_route=\/wp\/v2\/pages\/45\/revisions\/1460"}],"wp:attachment":[{"href":"https:\/\/beach-chillers.fr\/wordpress\/index.php?rest_route=%2Fwp%2Fv2%2Fmedia&parent=45"}],"curies":[{"name":"wp","href":"https:\/\/api.w.org\/{rel}","templated":true}]}}